{"id":7,"date":"2022-01-31T17:20:00","date_gmt":"2022-01-31T16:20:00","guid":{"rendered":"http:\/\/naturtag-halstenbek.de\/?page_id=7"},"modified":"2026-02-21T10:23:02","modified_gmt":"2026-02-21T09:23:02","slug":"naturtag-halstenbek-2021","status":"publish","type":"page","link":"https:\/\/naturtag-halstenbek.de\/","title":{"rendered":"Naturtag Halstenbek 2026"},"content":{"rendered":"\n<figure class=\"wp-block-image size-full\"><img loading=\"lazy\" decoding=\"async\" width=\"209\" height=\"51\" src=\"https:\/\/naturtag-halstenbek.de\/wp-content\/uploads\/2026\/02\/Halstenbek-Logo-Schirmherrin.png\" alt=\"\" class=\"wp-image-485\"\/><\/figure>\n\n\n\n<h2 data-wp-context---core-fit-text=\"core\/fit-text::{&quot;fontSize&quot;:&quot;&quot;}\" data-wp-init---core-fit-text=\"core\/fit-text::callbacks.init\" data-wp-interactive data-wp-style--font-size=\"core\/fit-text::context.fontSize\" class=\"wp-block-heading has-fit-text\">Die Veranstaltungen 2026<\/h2>\n\n\n\n<figure class=\"wp-block-gallery has-nested-images columns-default is-cropped wp-block-gallery-1 is-layout-flex wp-block-gallery-is-layout-flex\">\n<figure class=\"wp-block-image size-large\"><img loading=\"lazy\" decoding=\"async\" width=\"1024\" height=\"615\" data-id=\"125\" src=\"https:\/\/naturtag-halstenbek.de\/wp-content\/uploads\/2020\/02\/cropped-1-1024x615.jpg\" alt=\"\" class=\"wp-image-125\" srcset=\"https:\/\/naturtag-halstenbek.de\/wp-content\/uploads\/2020\/02\/cropped-1-1024x615.jpg 1024w, https:\/\/naturtag-halstenbek.de\/wp-content\/uploads\/2020\/02\/cropped-1-300x180.jpg 300w, https:\/\/naturtag-halstenbek.de\/wp-content\/uploads\/2020\/02\/cropped-1-768x461.jpg 768w, https:\/\/naturtag-halstenbek.de\/wp-content\/uploads\/2020\/02\/cropped-1-1536x922.jpg 1536w, https:\/\/naturtag-halstenbek.de\/wp-content\/uploads\/2020\/02\/cropped-1.jpg 2000w\" sizes=\"auto, (max-width: 1024px) 100vw, 1024px\" \/><\/figure>\n\n\n\n<figure class=\"wp-block-image size-large\"><img loading=\"lazy\" decoding=\"async\" width=\"1024\" height=\"768\" data-id=\"273\" src=\"https:\/\/naturtag-halstenbek.de\/wp-content\/uploads\/2021\/06\/29-1024x768.jpg\" alt=\"\" class=\"wp-image-273\" srcset=\"https:\/\/naturtag-halstenbek.de\/wp-content\/uploads\/2021\/06\/29-1024x768.jpg 1024w, https:\/\/naturtag-halstenbek.de\/wp-content\/uploads\/2021\/06\/29-300x225.jpg 300w, https:\/\/naturtag-halstenbek.de\/wp-content\/uploads\/2021\/06\/29-768x576.jpg 768w, https:\/\/naturtag-halstenbek.de\/wp-content\/uploads\/2021\/06\/29.jpg 1200w\" sizes=\"auto, (max-width: 1024px) 100vw, 1024px\" \/><\/figure>\n<\/figure>\n\n\n\n<h1 class=\"wp-block-heading has-text-color has-large-font-size\" id=\"beachten-sie-neueste-verordnungen-zu-corona\" style=\"color:#a30036\"><strong>Samstag, 30. Mai 2026, 10:00 &#8211; 13:00 Uhr, Rathausplatz<\/strong><\/h1>\n\n\n\n<p><strong>Veranstaltung auf dem Rathausplatz<\/strong> mit gro\u00dfem Pflanzenmarkt f\u00fcr einheimische Blumen, Bauerngartenblumen, Gem\u00fcsepflanzen; dazu Mitmachangebote und Kurse. Umwelt- und Naturschutzvereine informieren \u00fcber ihre Aktivit\u00e4ten, geben Anregungen und laden ein zum Mitmachen. Mit dabei: NABU, NAJU (Naturschutzjugend im NABU), Pfadfinder der Evangelischen Kirche, Halstenbeker Gr\u00fcnpaten, BI Krupunder See, Holsteiner Imker e.V., Regionalpark Wedeler Au, Wanderbewegung Kreis Pinneberg, Klimab\u00fcndnis Halstenbek, Solar Initiative Halstenbek, Rehkitzrettung Hamburg, trifolia Rellingen, Kleing\u00e4rtnerverein Halstenbek, 100.000 Schmetterlinge in Lurup, Pilzcoach von Pilzrevier.de, ADFC Halstenbek, Geschichtswerkstatt Halstenbek, Animal Care e.V. Rellingen, Saatgutbibliothek Krupunder, Repair Cafe und private St\u00e4nde.<\/p>\n\n\n\n<p><strong>Aktionen <strong>auf dem Rathausplatz<\/strong><\/strong> <strong>am 30.5.<\/strong> <strong>10:00 &#8211; 13:00<\/strong><\/p>\n\n\n\n<ul class=\"wp-block-list\">\n<li>Pilzberatung \/ Informationen \u00fcber Pilze <\/li>\n\n\n\n<li>Stockbrotbacken mit den Pfadfindern der Evangelischen Kirche <\/li>\n\n\n\n<li>Informationen zu Bienen und Imkerei am Imkerstand   <\/li>\n\n\n\n<li>Basteln mit Naturmaterialien mit der NAJU (die Naturschutzjugend im NABU)<\/li>\n<\/ul>\n\n\n\n<p><strong>Kurs am 30.5.202618:00 &#8211; 19:30 Abendliche Vogelstimmen im Sommer<\/strong> Unter der Leitung von Hans Rutar, einem erfahrenen Naturf\u00fchrer und Naturfotografen, lernen Sie am Krupunder See V\u00f6gel an der Stimme zu erkennen. Ideal f\u00fcr Familien. Idealerweise bringen Sie ein Fernglas mit zur F\u00fchrung. Max. 10 Teilnehmer. <a href=\"https:\/\/naturtag-halstenbek.de\/?page_id=349\">Anmeldung<\/a> erforderlich. Treffpunkt wird bei Anmeldung bekannt gegeben. Wir bitten um eine Spende f\u00fcr den NABU.<\/p>\n\n\n\n<p> <strong>Kurse am 31.5.2026<\/strong>: Kr\u00e4utersuche f\u00fcr Kinder; Kr\u00e4utersuche f\u00fcr Erwachsene<\/p>\n\n\n\n<p>31.5. <strong>14:00 &#8211; 16:00<\/strong> <strong>Kr\u00e4utersuche f\u00fcr Kinder<\/strong> Wildkr\u00e4uterwiese am Krupunder See. Essbares direkt aus der Natur. Und das schmeckt soooo lecker. Die Kinder entdecken Insekten und lernen Spannendes \u00fcber Kr\u00e4uter. Dabei sammeln sie Giersch, Brennnesseln und andere Kr\u00e4uter f\u00fcr einen leckeren Quark. Allergiker m\u00f6gen bitte eigenes, glutenfreies Brot mitbringen. F\u00fcr Kinder ab 6 Jahren. Die Eltern k\u00f6nnen aktiv an der parallel laufenden Erwachsenenf\u00fchrung teilnehmen oder sie k\u00f6nnen ihre Kinder direkt bei diesem Kurs begleiten. Maximal 8 Kinder. Claudia Daffertshofer. Treffpunkt Krupunder, Seegrabenweg 52. <a href=\"https:\/\/naturtag-halstenbek.de\/?page_id=349\">Anmeldung<\/a> erforderlich. Um eine Spende f\u00fcr die lokale NAJU-Gruppe wird gebeten.<\/p>\n\n\n\n<p> 31.5. <strong>14:00 &#8211; 16:00<\/strong> <strong>Kr\u00e4utersuche f\u00fcr Erwachsene<\/strong>  Wildkr\u00e4uterwiese am Krupunder See, F\u00fchrung f\u00fcr Erwachsene.<br>Hier entdecken wir duftende heimische Wildkr\u00e4uter wie Taubnesseln, Gundelrebe oder Giersch, die fr\u00fcher f\u00fcr den Menschen Nahrung und Hausapotheke zugleich waren. Doch wie hei\u00dfen all diese Kr\u00e4uter? Woran erkenne ich sie? Wie schmecken sie? Welche Eigenschaften haben sie? Und welchen Nutzen haben sie f\u00fcr mich und die Tierwelt? Das alles erfahren Sie mit viel Freude direkt auf der Wildkr\u00e4uterwiese von Landwirtschaftsmeisterin und Heilkr\u00e4uterfachfrau Gesche Vo\u00df Treffpunkt: Krupunder, Seegrabenweg 52, Teilnahmeentgelt: 10 \u20ac. <a href=\"https:\/\/naturtag-halstenbek.de\/?page_id=349\">Anmeldung<\/a> erforderlich.<\/p>\n\n\n\n<p><strong>Kurse in Zusammenarbeit mit der VHS-Halstenbek:<\/strong><\/p>\n\n\n\n<ul class=\"wp-block-list\">\n<li>VHS-Kurs am 31.3.2026: <strong>Hilfe aus der Luft: Rettung von Rehkitzen im Fr\u00fchjahr, Kurs-Nr. 261-1220<\/strong><\/li>\n\n\n\n<li>VHS-Kurs am 19.4.2026: <strong>Vitalpilze-Wanderung, Kurs Nr.: 261-1211<\/strong><\/li>\n\n\n\n<li>VHS-Kurs am 13.6.2026: <strong>Der Naturgarten &#8211; Sch\u00f6nheit, Vielfalt, Bereicherung, Kurs Nr. 261-1303<\/strong><\/li>\n\n\n\n<li>Anmeldung zu diesen Kursen nur \u00fcber die VHS Halstenbek<\/li>\n<\/ul>\n\n\n\n<p><\/p>\n\n\n\n<h2 class=\"wp-block-heading\"><strong>20.6.2026<\/strong>                     <strong>Offene NaturG\u00e4rten<\/strong> <\/h2>\n\n\n\n<figure class=\"wp-block-video\"><video height=\"576\" style=\"aspect-ratio: 1024 \/ 576;\" width=\"1024\" controls src=\"https:\/\/naturtag-halstenbek.de\/wp-content\/uploads\/2026\/02\/Der-Lebendige-Garten-fuer-website.mp4\"><\/video><\/figure>\n\n\n\n<figure class=\"wp-block-table\"><table><tbody><tr><td>20.6. <strong>14:00 bis 18:00 Uhr: Sechs Halstenbeker Familien \u00f6ffnen ihre G\u00e4rten f\u00fcr Sie:&nbsp;<\/strong> Freuen Sie sich auf sehr unterschiedlich gestaltete naturnahe G\u00e4rten. Lassen Sie sich \u00fcberraschen, welche M\u00f6glichkeiten schon ein kleiner Garten f\u00fcr die naturnahe Gestaltung bietet. Sehen Sie sich an, was man aus einem gro\u00dfen Grundst\u00fcck machen kann.&nbsp; Erleben Sie, welche Bereicherung ein noch so kleiner Teich darstellt. Erfreuen Sie sich an Sch\u00f6nheit und Vielfalt heimischer Pflanzen, an Bienen, Hummeln, Schmetterlingen\u2026 Die Gartenbesitzer geben Ihnen gerne Anregungen und Tipps f\u00fcr die Gestaltung Ihres eigenen Gartens.&nbsp; Der Besuch der G\u00e4rten ist kostenlos. &nbsp;<strong>Die Adressenliste erhalten Sie bei <a href=\"https:\/\/naturtag-halstenbek.de\/?page_id=349\" data-type=\"page\" data-id=\"349\">Anmeldung<\/a>.<\/strong>&nbsp;<\/td><\/tr><\/tbody><\/table><\/figure>\n\n\n\n<div class=\"wp-block-group\"><div class=\"wp-block-group__inner-container is-layout-flow wp-block-group-is-layout-flow\">\n<div class=\"wp-block-columns is-layout-flex wp-container-core-columns-is-layout-9d6595d7 wp-block-columns-is-layout-flex\">\n<div class=\"wp-block-column is-layout-flow wp-block-column-is-layout-flow\" style=\"flex-basis:100%\">\n<figure class=\"wp-block-table alignfull is-style-regular\"><table class=\"has-fixed-layout\"><tbody><tr><td class=\"has-text-align-left\" data-align=\"left\"><\/td><\/tr><tr><td class=\"has-text-align-left\" data-align=\"left\"><\/td><\/tr><tr><td class=\"has-text-align-left\" data-align=\"left\"><img decoding=\"async\" src=\"https:\/\/naturtag-halstenbek.de\/wp-content\/uploads\/2020\/02\/2.jpg\" alt=\"\" style=\"width: 300px;\"><\/td><\/tr><\/tbody><\/table><\/figure>\n\n\n<\/div>\n<\/div>\n\n\n\n<figure class=\"wp-block-image is-resized\"><img loading=\"lazy\" decoding=\"async\" width=\"1024\" height=\"818\" src=\"https:\/\/naturtag-halstenbek.de\/wp-content\/uploads\/2020\/03\/12-1024x818.jpg\" alt=\"\" class=\"wp-image-84\" srcset=\"https:\/\/naturtag-halstenbek.de\/wp-content\/uploads\/2020\/03\/12-1024x818.jpg 1024w, https:\/\/naturtag-halstenbek.de\/wp-content\/uploads\/2020\/03\/12-300x240.jpg 300w, https:\/\/naturtag-halstenbek.de\/wp-content\/uploads\/2020\/03\/12-768x614.jpg 768w\" sizes=\"auto, (max-width: 1024px) 100vw, 1024px\" \/><\/figure>\n\n\n\n<figure class=\"wp-block-image is-resized\"><img loading=\"lazy\" decoding=\"async\" width=\"1024\" height=\"576\" src=\"https:\/\/naturtag-halstenbek.de\/wp-content\/uploads\/2020\/02\/22-1024x576.jpg\" alt=\"\" class=\"wp-image-35\" srcset=\"https:\/\/naturtag-halstenbek.de\/wp-content\/uploads\/2020\/02\/22-1024x576.jpg 1024w, https:\/\/naturtag-halstenbek.de\/wp-content\/uploads\/2020\/02\/22-300x169.jpg 300w, https:\/\/naturtag-halstenbek.de\/wp-content\/uploads\/2020\/02\/22-768x432.jpg 768w, https:\/\/naturtag-halstenbek.de\/wp-content\/uploads\/2020\/02\/22.jpg 1920w\" sizes=\"auto, (max-width: 1024px) 100vw, 1024px\" \/><\/figure>\n\n\n\n<figure class=\"wp-block-image is-resized\"><img loading=\"lazy\" decoding=\"async\" width=\"1024\" height=\"576\" src=\"https:\/\/naturtag-halstenbek.de\/wp-content\/uploads\/2020\/02\/21-1024x576.jpg\" alt=\"\" class=\"wp-image-34\" srcset=\"https:\/\/naturtag-halstenbek.de\/wp-content\/uploads\/2020\/02\/21-1024x576.jpg 1024w, https:\/\/naturtag-halstenbek.de\/wp-content\/uploads\/2020\/02\/21-300x169.jpg 300w, https:\/\/naturtag-halstenbek.de\/wp-content\/uploads\/2020\/02\/21-768x432.jpg 768w, https:\/\/naturtag-halstenbek.de\/wp-content\/uploads\/2020\/02\/21.jpg 1920w\" sizes=\"auto, (max-width: 1024px) 100vw, 1024px\" \/><\/figure>\n\n\n\n<figure class=\"wp-block-video\"><video height=\"480\" style=\"aspect-ratio: 854 \/ 480;\" width=\"854\" controls src=\"https:\/\/naturtag-halstenbek.de\/wp-content\/uploads\/2020\/05\/Frosch.mp4\"><\/video><\/figure>\n<\/div><\/div>\n\n\n\n<div data-wp-interactive=\"core\/file\" class=\"wp-block-file\"><object data-wp-bind--hidden=\"!state.hasPdfPreview\" hidden class=\"wp-block-file__embed\" data=\"https:\/\/naturtag-halstenbek.de\/wp-content\/uploads\/2026\/02\/Der-Naturgarten-die-Wiese-Korrekturen-Mai-2024.pdf\" type=\"application\/pdf\" style=\"width:100%;height:600px\" aria-label=\"Einbettung von pdf Der Naturgarten die Wiese .\"><\/object><a id=\"wp-block-file--media-57cc7f0c-cd0f-4a22-8fab-84e192ef6712\" href=\"https:\/\/naturtag-halstenbek.de\/wp-content\/uploads\/2026\/02\/Der-Naturgarten-die-Wiese-Korrekturen-Mai-2024.pdf\">pdf Der Naturgarten die Wiese <\/a><a href=\"https:\/\/naturtag-halstenbek.de\/wp-content\/uploads\/2026\/02\/Der-Naturgarten-die-Wiese-Korrekturen-Mai-2024.pdf\" class=\"wp-block-file__button wp-element-button\" download aria-describedby=\"wp-block-file--media-57cc7f0c-cd0f-4a22-8fab-84e192ef6712\">Herunterladen<\/a><\/div>\n\n\n\n<p><\/p>\n","protected":false},"excerpt":{"rendered":"<p>Die Veranstaltungen 2026 Samstag, 30. Mai 2026, 10:00 &#8211; 13:00 Uhr, Rathausplatz Veranstaltung auf dem Rathausplatz mit gro\u00dfem Pflanzenmarkt f\u00fcr einheimische Blumen, Bauerngartenblumen, Gem\u00fcsepflanzen; dazu Mitmachangebote und Kurse. Umwelt- und Naturschutzvereine informieren \u00fcber ihre Aktivit\u00e4ten, geben Anregungen und laden ein zum Mitmachen. Mit dabei: NABU, NAJU (Naturschutzjugend im NABU), Pfadfinder der Evangelischen Kirche, Halstenbeker Gr\u00fcnpaten,&hellip; <a class=\"more-link\" href=\"https:\/\/naturtag-halstenbek.de\/\"><span class=\"screen-reader-text\">Naturtag Halstenbek 2026<\/span> weiterlesen<\/a><\/p>\n","protected":false},"author":1,"featured_media":0,"parent":0,"menu_order":1,"comment_status":"closed","ping_status":"closed","template":"","meta":{"footnotes":""},"folder":[],"class_list":["post-7","page","type-page","status-publish","hentry","entry"],"_links":{"self":[{"href":"https:\/\/naturtag-halstenbek.de\/index.php?rest_route=\/wp\/v2\/pages\/7","targetHints":{"allow":["GET"]}}],"collection":[{"href":"https:\/\/naturtag-halstenbek.de\/index.php?rest_route=\/wp\/v2\/pages"}],"about":[{"href":"https:\/\/naturtag-halstenbek.de\/index.php?rest_route=\/wp\/v2\/types\/page"}],"author":[{"embeddable":true,"href":"https:\/\/naturtag-halstenbek.de\/index.php?rest_route=\/wp\/v2\/users\/1"}],"replies":[{"embeddable":true,"href":"https:\/\/naturtag-halstenbek.de\/index.php?rest_route=%2Fwp%2Fv2%2Fcomments&post=7"}],"version-history":[{"count":110,"href":"https:\/\/naturtag-halstenbek.de\/index.php?rest_route=\/wp\/v2\/pages\/7\/revisions"}],"predecessor-version":[{"id":505,"href":"https:\/\/naturtag-halstenbek.de\/index.php?rest_route=\/wp\/v2\/pages\/7\/revisions\/505"}],"wp:attachment":[{"href":"https:\/\/naturtag-halstenbek.de\/index.php?rest_route=%2Fwp%2Fv2%2Fmedia&parent=7"}],"wp:term":[{"taxonomy":"folder","embeddable":true,"href":"https:\/\/naturtag-halstenbek.de\/index.php?rest_route=%2Fwp%2Fv2%2Ffolder&post=7"}],"curies":[{"name":"wp","href":"https:\/\/api.w.org\/{rel}","templated":true}]}}